{"id":7911,"date":"2023-10-16T14:50:06","date_gmt":"2023-10-16T13:50:06","guid":{"rendered":"https:\/\/burscheid-sonnenblume.de\/?page_id=7911"},"modified":"2023-10-25T09:13:00","modified_gmt":"2023-10-25T08:13:00","slug":"kreativwettbewerb-eine-welt-ohne-autos","status":"publish","type":"page","link":"https:\/\/burscheid-sonnenblume.de\/?page_id=7911","title":{"rendered":"Film &#8211; Kreativwettbewerb &#8220;Eine Welt ohne Autos?&#8221;"},"content":{"rendered":"<h5><span style=\"color: #6b8e23;\">&#8220;Eine Welt ohne Autos?&#8221; &#8211; das h\u00f6rt sich spannend an.<\/span><\/h5>\n<p><strong><img loading=\"lazy\" decoding=\"async\" class=\" wp-image-7915 alignleft\" src=\"https:\/\/burscheid-sonnenblume.de\/wp-content\/uploads\/2023\/10\/Wupsi-1.jpg\" alt=\"\" width=\"366\" height=\"275\" srcset=\"https:\/\/burscheid-sonnenblume.de\/wp-content\/uploads\/2023\/10\/Wupsi-1.jpg 1024w, https:\/\/burscheid-sonnenblume.de\/wp-content\/uploads\/2023\/10\/Wupsi-1-300x225.jpg 300w, https:\/\/burscheid-sonnenblume.de\/wp-content\/uploads\/2023\/10\/Wupsi-1-768x576.jpg 768w\" sizes=\"auto, (max-width: 366px) 100vw, 366px\" \/>Ein Wettbewerb ist doch was Feines \u2013 und erst recht, wenn man dann auch noch den 1. Platz belegt.<\/strong><\/p>\n<p>Im August diesen Jahres riefen der F\u00f6rderverein NaturGut Ophoven und die wupsi in Leverkusen alle Kita-Kinder im Rheinisch-Bergischen Kreis auf, sich am Wettbewerb \u201eEine Welt ohne Autos\u201d zu beteiligen. Die Kinder sollten kreativ ihre W\u00fcnsche und Gef\u00fchle ausdr\u00fccken, wie eine Welt ohne Autos aussehen k\u00f6nnte. Und dies konnten die Kinder auf ganz verschiedene Art und Weise ausdr\u00fccken. Zum Beispiel durch die Gestaltung eines Posters, das Basteln eines Zukunfts-Fahrzeugs oder einer jeglicher anderen Art, die zusammengetragenen Ergebnisse kreativ festzuhalten. Alles war m\u00f6glich.<\/p>\n<p>Vor allem war es bei dem Kreativwettbewerb wichtig, die Kinder f\u00fcr das Thema Treibhausgase zu sensibilisieren und die Wichtigkeit von klimafreundlicher Mobilit\u00e4t herauszustellen. Der Anteil des Verkehrs an den Treibhausgasemissionen in Deutschland betr\u00e4gt 20 Prozent. Deshalb ist die Diskussion \u00fcber nachhaltige Mobilit\u00e4t immer wieder aufs Neue wichtig.<\/p>\n<p>Der Slogan \u201eKlimafreundlich unterwegs mit Bus und Bahn\u201c gilt nach wie vor. Eine aktuelle Studie des \u00d6ko-Instituts belegt, dass eine Person, die statt des Autos den Bus, die Stra\u00dfen- oder die U-Bahn nutzt, nur rund halb so viele Treibhausgase verursacht. Ein attraktiveres Angebot f\u00fcr Bus und Bahn, Carsharing und die R\u00fcckbesinnung auf das Fahrrad sind hier wichtige Ansatzpunkte f\u00fcr eine klimafreundliche Mobilit\u00e4t und einen Beitrag von jeder und jedem Einzelnen f\u00fcr den Klimaschutz.<\/p>\n<p>Da auch uns als Kita \u201eSonnenblume\u201c das Thema Nachhaltigkeit und Umweltschutz sehr am Herzen liegt, war es f\u00fcr uns selbstverst\u00e4ndlich, einen kreativen Beitrag einzureichen. Im Rahmen unserer Laternenwerkstatt, die seit vielen Jahren im Herbst bei uns stattfindet und bei wir Laternen aus wertfreien Materialien, sprich Verpackungsm\u00fcll, herstellen, entstand also dieses Jahr neben der vielen anderen Kunstwerke der Kinder noch ein wupsi-Bus. Zusammen mit den Laternen, die einige Kinder in Form von Polizei- und Feuerwehrfahrzeugen oder Baggern bastelten, wurde der wupsi \u201eFilmdarsteller\u201c.<\/p>\n<p>Nachdem wir den blauen wupsi-Bus sowie andere Fahrzeuge fertig gebastelt hatten, drehten wir n\u00e4mlich einen entsprechenden Kurz-Film, der das Thema \u201eautofreie Welt\u201c aufgreift, und reichten den Beitrag beim NaturGut Ophoven ein.<\/p>\n<p>Die Freude war gro\u00df, als am 23.10.2023 der Anruf kam, dass wir mit unserer Idee den ersten Platz gemacht haben!Als Preis erwartet uns nun eine Betriebsbesichtigung bei der wupsi, inklusive Abholung und R\u00fcckfahrt zur Kita. Das ist doch mal toll! Der Pressetermin mit der \u00dcbergabe der Preise und Teilnahme-Urkunden f\u00fcr alle teilnehmenden Einrichtungen ist am 07.11.2023 um 11:00 Uhr bei uns in der Kita \u201eSonnenblume\u201c geplant.<\/p>\n<p>Wir freuen uns sehr \u00fcber diesen Preis bzw. Gewinn und hoffen, dass das Thema klimafreundliche Mobilit\u00e4t weiterhin im Bewusstsein der Menschen bleibt und schon die Kinder verstehen, warum es immer wieder gut ist, auf das Auto zu verzichten.<\/p>\n<p><strong>Ausschreibung vom 13.10.2023 :<\/strong><br \/>Der <a href=\"https:\/\/naturgut-ophoven.de\/\">F\u00f6rderverein NaturGut Ophoven<\/a> und die <a href=\"https:\/\/www.wupsi.de\/\">wupsi<\/a> rufen alle Kita-Kinder im Rheinisch-Bergischen Kreis auf, sich am Wettbewerb \u201eEine Welt ohne Autos\u201d zu beteiligen.<br \/>Die Kinder sollen kreativ ihre W\u00fcnsche und Gef\u00fchle ausdr\u00fccken, wie eine Welt ohne Autos aussehen k\u00f6nnte.<br \/>Die Kinder k\u00f6nnen zum Beispiel gemeinsam ein Poster gestalten, gemeinsam ein Zukunfts-Fahrzeug basteln oder sie halten die Ergebnisse einer Erz\u00e4hlrunde zum Thema kreativ fest.<\/p>\n<p>Warum es in einer Welt ohne Autos doch ein paar wichtige Autos und Fahrzeuge geben muss, haben wir Ihnen in einem kleinen Film zusammengefasst.<br \/>Viel Spa\u00df, w\u00fcnschen die Gro\u00dfen und Kleinen der Caritas Kindertagesst\u00e4tte &#8220;Sonnenblume&#8221;<\/p>\n<hr \/>\n\n\n<figure class=\"wp-block-video\"><video controls src=\"https:\/\/burscheid-sonnenblume.de\/wp-content\/uploads\/2023\/10\/Eine-Welt-ohne-Autos-540p-gering.mp4\"><\/video><figcaption class=\"wp-element-caption\">Unser Film zum Kreativwettbewerb . &#8220;Eine Welt ohne Autos?&#8221;<\/figcaption><\/figure>\n\n\n\n<div class=\"wp-block-columns is-layout-flex wp-container-core-columns-is-layout-1 wp-block-columns-is-layout-flex\">\n<div class=\"wp-block-column is-layout-flow wp-block-column-is-layout-flow\"><div class=\"wp-block-image\">\n<figure class=\"aligncenter size-large is-resized\"><a href=\"https:\/\/naturgut-ophoven.de\/\"><img loading=\"lazy\" decoding=\"async\" src=\"https:\/\/burscheid-sonnenblume.de\/wp-content\/uploads\/2023\/10\/logo-NGO-2021-1-1024x433.png\" alt=\"\" class=\"wp-image-7923\" style=\"width:339px;height:143px\" width=\"339\" height=\"143\" srcset=\"https:\/\/burscheid-sonnenblume.de\/wp-content\/uploads\/2023\/10\/logo-NGO-2021-1-1024x433.png 1024w, https:\/\/burscheid-sonnenblume.de\/wp-content\/uploads\/2023\/10\/logo-NGO-2021-1-300x127.png 300w, https:\/\/burscheid-sonnenblume.de\/wp-content\/uploads\/2023\/10\/logo-NGO-2021-1-768x325.png 768w, https:\/\/burscheid-sonnenblume.de\/wp-content\/uploads\/2023\/10\/logo-NGO-2021-1-1536x650.png 1536w, https:\/\/burscheid-sonnenblume.de\/wp-content\/uploads\/2023\/10\/logo-NGO-2021-1-2048x867.png 2048w, https:\/\/burscheid-sonnenblume.de\/wp-content\/uploads\/2023\/10\/logo-NGO-2021-1-710x300.png 710w\" sizes=\"auto, (max-width: 339px) 100vw, 339px\" \/><\/a><\/figure><\/div><\/div>\n\n\n\n<div class=\"wp-block-column is-layout-flow wp-block-column-is-layout-flow\"><div class=\"wp-block-image\">\n<figure class=\"aligncenter size-full is-resized\"><a href=\"https:\/\/www.wupsi.de\/\"><img loading=\"lazy\" decoding=\"async\" src=\"https:\/\/burscheid-sonnenblume.de\/wp-content\/uploads\/2023\/10\/wupsi_logo_4c_oF-1024x347-1.jpg\" alt=\"\" class=\"wp-image-7924\" style=\"width:368px;height:124px\" width=\"368\" height=\"124\" srcset=\"https:\/\/burscheid-sonnenblume.de\/wp-content\/uploads\/2023\/10\/wupsi_logo_4c_oF-1024x347-1.jpg 1024w, https:\/\/burscheid-sonnenblume.de\/wp-content\/uploads\/2023\/10\/wupsi_logo_4c_oF-1024x347-1-300x102.jpg 300w, https:\/\/burscheid-sonnenblume.de\/wp-content\/uploads\/2023\/10\/wupsi_logo_4c_oF-1024x347-1-768x260.jpg 768w\" sizes=\"auto, (max-width: 368px) 100vw, 368px\" \/><\/a><\/figure><\/div><\/div>\n<\/div>\n\n\n\n<hr class=\"wp-block-separator has-alpha-channel-opacity\"\/>\n","protected":false},"excerpt":{"rendered":"<p>&#8220;Eine Welt ohne Autos?&#8221; &#8211; das h\u00f6rt sich spannend an. Ein Wettbewerb ist doch was Feines \u2013 und erst recht, wenn man dann auch noch den 1. Platz belegt. Im August diesen Jahres riefen der F\u00f6rderverein NaturGut Ophoven und die<\/p>\n","protected":false},"author":1,"featured_media":7913,"parent":0,"menu_order":0,"comment_status":"closed","ping_status":"closed","template":"","meta":{"footnotes":""},"class_list":["post-7911","page","type-page","status-publish","has-post-thumbnail","hentry"],"_links":{"self":[{"href":"https:\/\/burscheid-sonnenblume.de\/index.php?rest_route=\/wp\/v2\/pages\/7911","targetHints":{"allow":["GET"]}}],"collection":[{"href":"https:\/\/burscheid-sonnenblume.de\/index.php?rest_route=\/wp\/v2\/pages"}],"about":[{"href":"https:\/\/burscheid-sonnenblume.de\/index.php?rest_route=\/wp\/v2\/types\/page"}],"author":[{"embeddable":true,"href":"https:\/\/burscheid-sonnenblume.de\/index.php?rest_route=\/wp\/v2\/users\/1"}],"replies":[{"embeddable":true,"href":"https:\/\/burscheid-sonnenblume.de\/index.php?rest_route=%2Fwp%2Fv2%2Fcomments&post=7911"}],"version-history":[{"count":13,"href":"https:\/\/burscheid-sonnenblume.de\/index.php?rest_route=\/wp\/v2\/pages\/7911\/revisions"}],"predecessor-version":[{"id":7947,"href":"https:\/\/burscheid-sonnenblume.de\/index.php?rest_route=\/wp\/v2\/pages\/7911\/revisions\/7947"}],"wp:featuredmedia":[{"embeddable":true,"href":"https:\/\/burscheid-sonnenblume.de\/index.php?rest_route=\/wp\/v2\/media\/7913"}],"wp:attachment":[{"href":"https:\/\/burscheid-sonnenblume.de\/index.php?rest_route=%2Fwp%2Fv2%2Fmedia&parent=7911"}],"curies":[{"name":"wp","href":"https:\/\/api.w.org\/{rel}","templated":true}]}}