{"id":5571,"date":"2021-06-01T12:54:52","date_gmt":"2021-06-01T11:54:52","guid":{"rendered":"https:\/\/burscheid-sonnenblume.de\/?page_id=5571"},"modified":"2021-06-02T15:00:54","modified_gmt":"2021-06-02T14:00:54","slug":"digitaler-elternabend-am-13-april-2021","status":"publish","type":"page","link":"https:\/\/burscheid-sonnenblume.de\/?page_id=5571","title":{"rendered":"Digitaler Elternabend der Neuaufnahmen"},"content":{"rendered":"<h5><span style=\"color: #6b8e23;\"><img loading=\"lazy\" decoding=\"async\" class=\" wp-image-5238 alignleft\" src=\"https:\/\/burscheid-sonnenblume.de\/wp-content\/uploads\/2021\/04\/Erster-Elternabend-Digital-via-Teams-300x169.jpg\" alt=\"\" width=\"366\" height=\"206\" srcset=\"https:\/\/burscheid-sonnenblume.de\/wp-content\/uploads\/2021\/04\/Erster-Elternabend-Digital-via-Teams-300x169.jpg 300w, https:\/\/burscheid-sonnenblume.de\/wp-content\/uploads\/2021\/04\/Erster-Elternabend-Digital-via-Teams.jpg 640w\" sizes=\"auto, (max-width: 366px) 100vw, 366px\" \/>\u201eNot macht erfinderisch\u201c, hei\u00dft es immer 13.04.2021 <\/span><\/h5>\n<p>Auf uns in der Caritaskindertagesst\u00e4tte Sonnen-blume trifft das in vielerlei Hinsicht zu.<br>Um den Familien unserer Neuaufnahmen einen guten Start zu erm\u00f6glichen, bieten wir im Fr\u00fchjahr immer den \u201eElternabend f\u00fcr die Neuen\u201c an.<br>In Zeiten von Corona war es jedoch nicht erlaubt, eine solche Veranstaltung durchzuf\u00fchren. Da sich unsere digitale Arbeit mit \u201eMicrosoft Teams\u201c- Videokonferenzen, sowohl in Dienst-besprechungen wie auch bei Elterngespr\u00e4chen bew\u00e4hrt hat, wollten wir auch f\u00fcr einen Elternabend diesen Weg gehen.<\/p>\n<p>Per Post erhielten die Eltern die Einladung zum digitalen Elternabend. Neben Datum und Uhrzeit waren darin eine Anleitung zur Teilnahme sowie der Link zur Veranstaltung beigelegt. Sie wurden gebeten, sich zeitnah bei der Kita-Info-App zu registrieren, um alle Infos unserer Kita schon jetzt zu erhalten. Die Teilnahme wurde vom Gro\u00dfteil der Eltern schnell und unproblematisch durch das Zusenden ihrer Emailadresse best\u00e4tigt. Auch die Dokumente wurden von uns schon vor dem Termin per Post verschickt. So hatten alle Eltern die M\u00f6glichkeit, sich schon vorher mit den Papieren auseinanderzusetzen.<br>Gleichzeitig machten wir das Angebot, einen Tag vorher an einem \u201eTechnikcheck\u201c teilzuneh-men und am Tag selbst den Support zu nutzen, der durch einen Kollegen besetzt war.<\/p>\n<p>Einige Zeit vor dem Elternabend wurde durch die jeweilige Gruppenleitung des neuen Kindes ein pers\u00f6nlicher Kontakt per Telefon hergestellt. In diesem Gespr\u00e4ch wurde den Eltern die zuk\u00fcnftige Gruppe des Kindes bekannt gegeben, einige Details zum digitalen Elternabend besprochen und ein Termin f\u00fcr unseren Kennenlerntag vereinbart. Die bereits produzierten Videos und Informationen wurden auf einer gesonderten, passwortgesch\u00fctzten Seite unserer Homepage ver\u00f6ffentlicht. Neben vielen technischen Vorbereitungen und der technischen Begleitung durch den Abend nahmen wir uns eine abwechslungsreiche und informative Gestaltung vor. Der digitale Elternabend sollte in zwei Teilen stattfinden.<\/p>\n<p><strong>Der erste Teil<\/strong> (Studioteil) fand im Besprechungsraum Bullerb\u00fc statt, der mit Kamera und Mikrophon, Licht und entsprechender Deko ausgestattet war. Vor der Kamera begr\u00fc\u00dfte Frau Sartingen-Kranz die Eltern, die sich nach und nach zuschalteten. W\u00e4hrend dieser Zeit war ein Begr\u00fc\u00dfungsscreen zu sehen. Es gab eine kurze \u00dcbersicht \u00fcber den Ablauf des Abends. Anschlie\u00dfend stellte sich der Tr\u00e4gervertreter des Caritasverbandes vor, der ebenfalls per Videochat zugeschaltet war. Die Gruppenleiter schlossen sich dem an und traten nacheinander vor die Kamera. Von allen anderen Kollegen, die nicht anwesend waren, gab es ein zusammengeschnittenes Video, in dem sich jeder einzelne kurz den Eltern vorstellte.<\/p>\n<p>Anschlie\u00dfend wurden wichtige Abl\u00e4ufe und Informationen anhand von zwei Videos erkl\u00e4rt. Die Powerpoint-Pr\u00e4sentation \u201eElternreise w\u00e4hrend der Eingew\u00f6hnungszeit\u201c beschrieb den kompletten Ablauf von der Platzsuche bis zum Ende der Eingew\u00f6hnung in unserer Kita. Mit Fotos unserer Einrichtung und vielen anschaulichen Bildern konnten die Eltern den ihnen bekannten Teil der Anmeldung verfolgen und erhielten genaue Informationen \u00fcber das, was sie noch erwartet.<\/p>\n<p>Im Anschluss stellte unser Musterkind Inga Sorglos die Mitbringliste vor. Sie erkl\u00e4rte anhand von Beispielen, was das Kind am ersten Tag mit in die Kita bringen muss, was wichtig ist und warum das Kind diese Dinge ben\u00f6tigt. Die Kameras und Mikrofone der Eltern blieben im ersten Teil ausgeschaltet.<\/p>\n<p>F\u00fcr den <strong>zweiten Teil (gruppeninterner Teil)<\/strong> des Elternabends wurden die Eltern nun in unterschiedliche Chatr\u00e4ume zusortiert, wo sie von der Gruppenleitung ihres Kindes begr\u00fc\u00dft wurden. In der \u00dcberleitung zum zweiten Teil wurden sie gebeten, nun ihre Kamera und die Mikrofone einzuschalten. Nach einer kleinen Vorstellungsrunde wurden die Termine f\u00fcr den ersten Kindergartentag ausgemacht und am Ende blieb noch Platz f\u00fcr offene Fragen.<\/p>\n<p>Nach der Verabschiedung und dem Ausklang des Elternabends wurde eine Email mit den Zugangsdaten zum passwortgesch\u00fctzten Teil unserer Homepage verschickt. Dort sind alle Videos des Abends, einige Fotos und unsere Konzepte hinterlegt. Mit einem QR-Code haben die Eltern die M\u00f6glichkeit, an einer \u201eschnellen Umfrage\u201c zum Elternabend teilzunehmen. Ein f\u00fcr uns wichtiges Meinungsbild, welches unsere weitere digitale Elternarbeit unterst\u00fctzt und erg\u00e4nzt.<\/p>\n\n\n<hr class=\"wp-block-separator\"\/>\n\n\n\n<figure class=\"wp-block-gallery columns-3 is-cropped wp-block-gallery-2 is-layout-flex wp-block-gallery-is-layout-flex\"><ul class=\"blocks-gallery-grid\"><li class=\"blocks-gallery-item\"><figure><img loading=\"lazy\" decoding=\"async\" width=\"640\" height=\"480\" src=\"https:\/\/burscheid-sonnenblume.de\/wp-content\/uploads\/2021\/06\/IMG_7806.jpg\" alt=\"\" data-id=\"5572\" data-full-url=\"https:\/\/burscheid-sonnenblume.de\/wp-content\/uploads\/2021\/06\/IMG_7806.jpg\" data-link=\"https:\/\/burscheid-sonnenblume.de\/?attachment_id=5572\" class=\"wp-image-5572\" srcset=\"https:\/\/burscheid-sonnenblume.de\/wp-content\/uploads\/2021\/06\/IMG_7806.jpg 640w, https:\/\/burscheid-sonnenblume.de\/wp-content\/uploads\/2021\/06\/IMG_7806-300x225.jpg 300w\" sizes=\"auto, (max-width: 640px) 100vw, 640px\" \/><\/figure><\/li><li class=\"blocks-gallery-item\"><figure><img loading=\"lazy\" decoding=\"async\" width=\"640\" height=\"480\" src=\"https:\/\/burscheid-sonnenblume.de\/wp-content\/uploads\/2021\/06\/IMG_7807.jpg\" alt=\"\" data-id=\"5573\" data-full-url=\"https:\/\/burscheid-sonnenblume.de\/wp-content\/uploads\/2021\/06\/IMG_7807.jpg\" data-link=\"https:\/\/burscheid-sonnenblume.de\/?attachment_id=5573\" class=\"wp-image-5573\" srcset=\"https:\/\/burscheid-sonnenblume.de\/wp-content\/uploads\/2021\/06\/IMG_7807.jpg 640w, https:\/\/burscheid-sonnenblume.de\/wp-content\/uploads\/2021\/06\/IMG_7807-300x225.jpg 300w\" sizes=\"auto, (max-width: 640px) 100vw, 640px\" \/><\/figure><\/li><li class=\"blocks-gallery-item\"><figure><img loading=\"lazy\" decoding=\"async\" width=\"640\" height=\"480\" src=\"https:\/\/burscheid-sonnenblume.de\/wp-content\/uploads\/2021\/06\/IMG_7809.jpg\" alt=\"\" data-id=\"5574\" data-full-url=\"https:\/\/burscheid-sonnenblume.de\/wp-content\/uploads\/2021\/06\/IMG_7809.jpg\" data-link=\"https:\/\/burscheid-sonnenblume.de\/?attachment_id=5574\" class=\"wp-image-5574\" srcset=\"https:\/\/burscheid-sonnenblume.de\/wp-content\/uploads\/2021\/06\/IMG_7809.jpg 640w, https:\/\/burscheid-sonnenblume.de\/wp-content\/uploads\/2021\/06\/IMG_7809-300x225.jpg 300w\" sizes=\"auto, (max-width: 640px) 100vw, 640px\" \/><\/figure><\/li><li class=\"blocks-gallery-item\"><figure><img loading=\"lazy\" decoding=\"async\" width=\"640\" height=\"480\" src=\"https:\/\/burscheid-sonnenblume.de\/wp-content\/uploads\/2021\/06\/IMG_7810.jpg\" alt=\"\" data-id=\"5575\" data-full-url=\"https:\/\/burscheid-sonnenblume.de\/wp-content\/uploads\/2021\/06\/IMG_7810.jpg\" data-link=\"https:\/\/burscheid-sonnenblume.de\/?attachment_id=5575\" class=\"wp-image-5575\" srcset=\"https:\/\/burscheid-sonnenblume.de\/wp-content\/uploads\/2021\/06\/IMG_7810.jpg 640w, https:\/\/burscheid-sonnenblume.de\/wp-content\/uploads\/2021\/06\/IMG_7810-300x225.jpg 300w\" sizes=\"auto, (max-width: 640px) 100vw, 640px\" \/><\/figure><\/li><li class=\"blocks-gallery-item\"><figure><img loading=\"lazy\" decoding=\"async\" width=\"640\" height=\"480\" src=\"https:\/\/burscheid-sonnenblume.de\/wp-content\/uploads\/2021\/06\/IMG_7811.jpg\" alt=\"\" data-id=\"5576\" data-full-url=\"https:\/\/burscheid-sonnenblume.de\/wp-content\/uploads\/2021\/06\/IMG_7811.jpg\" data-link=\"https:\/\/burscheid-sonnenblume.de\/?attachment_id=5576\" class=\"wp-image-5576\" srcset=\"https:\/\/burscheid-sonnenblume.de\/wp-content\/uploads\/2021\/06\/IMG_7811.jpg 640w, https:\/\/burscheid-sonnenblume.de\/wp-content\/uploads\/2021\/06\/IMG_7811-300x225.jpg 300w\" sizes=\"auto, (max-width: 640px) 100vw, 640px\" \/><\/figure><\/li><li class=\"blocks-gallery-item\"><figure><img loading=\"lazy\" decoding=\"async\" width=\"640\" height=\"480\" src=\"https:\/\/burscheid-sonnenblume.de\/wp-content\/uploads\/2021\/06\/IMG_7812.jpg\" alt=\"\" data-id=\"5577\" data-full-url=\"https:\/\/burscheid-sonnenblume.de\/wp-content\/uploads\/2021\/06\/IMG_7812.jpg\" data-link=\"https:\/\/burscheid-sonnenblume.de\/?attachment_id=5577\" class=\"wp-image-5577\" srcset=\"https:\/\/burscheid-sonnenblume.de\/wp-content\/uploads\/2021\/06\/IMG_7812.jpg 640w, https:\/\/burscheid-sonnenblume.de\/wp-content\/uploads\/2021\/06\/IMG_7812-300x225.jpg 300w\" sizes=\"auto, (max-width: 640px) 100vw, 640px\" \/><\/figure><\/li><\/ul><figcaption class=\"blocks-gallery-caption\">Impressionen aus dem Studio Teil 1<\/figcaption><\/figure>\n\n\n\n<hr class=\"wp-block-separator\"\/>\n\n\n<h5><span style=\"color: #6b8e23;\">Videos zumElternabend<\/span><\/h5>\n\n\n<div class=\"wp-block-columns is-layout-flex wp-container-core-columns-is-layout-1 wp-block-columns-is-layout-flex\">\n<div class=\"wp-block-column is-layout-flow wp-block-column-is-layout-flow\">\n<figure class=\"wp-block-video\"><video controls src=\"https:\/\/burscheid-sonnenblume.de\/wp-content\/uploads\/2021\/04\/Inga-stellt-den-Korb-vor-540-gering.mp4\"><\/video><figcaption>Inga pr\u00e4sentiert den Korb<\/figcaption><\/figure>\n\n\n\n<figure class=\"wp-block-video\"><video controls src=\"https:\/\/burscheid-sonnenblume.de\/wp-content\/uploads\/2021\/04\/Eingewo\u0308hnungsmodell-Kita-Sonnenblume.mp4\"><\/video><figcaption>Powerpoint als Video<br>\u201cDie Eingew\u00f6hung ihrer Kinder\u2026\u201d \u2013 wurde nicht beim Elternabend gezeigt<\/figcaption><\/figure>\n<\/div>\n\n\n\n<div class=\"wp-block-column is-layout-flow wp-block-column-is-layout-flow\">\n<figure class=\"wp-block-video\"><video controls src=\"https:\/\/burscheid-sonnenblume.de\/wp-content\/uploads\/2021\/04\/Elternreise-angepasst.mp4\"><\/video><figcaption>Die Elternreise<\/figcaption><\/figure>\n<\/div>\n<\/div>\n","protected":false},"excerpt":{"rendered":"<p>\u201eNot macht erfinderisch\u201c, hei\u00dft es immer 13.04.2021 Auf uns in der Caritaskindertagesst\u00e4tte Sonnen-blume trifft das in vielerlei Hinsicht zu.Um den Familien unserer Neuaufnahmen einen guten Start zu erm\u00f6glichen, bieten wir im Fr\u00fchjahr immer den \u201eElternabend f\u00fcr die Neuen\u201c an.In Zeiten<\/p>\n","protected":false},"author":1,"featured_media":5574,"parent":0,"menu_order":0,"comment_status":"closed","ping_status":"closed","template":"","meta":{"footnotes":""},"class_list":["post-5571","page","type-page","status-publish","has-post-thumbnail","hentry"],"_links":{"self":[{"href":"https:\/\/burscheid-sonnenblume.de\/index.php?rest_route=\/wp\/v2\/pages\/5571","targetHints":{"allow":["GET"]}}],"collection":[{"href":"https:\/\/burscheid-sonnenblume.de\/index.php?rest_route=\/wp\/v2\/pages"}],"about":[{"href":"https:\/\/burscheid-sonnenblume.de\/index.php?rest_route=\/wp\/v2\/types\/page"}],"author":[{"embeddable":true,"href":"https:\/\/burscheid-sonnenblume.de\/index.php?rest_route=\/wp\/v2\/users\/1"}],"replies":[{"embeddable":true,"href":"https:\/\/burscheid-sonnenblume.de\/index.php?rest_route=%2Fwp%2Fv2%2Fcomments&post=5571"}],"version-history":[{"count":6,"href":"https:\/\/burscheid-sonnenblume.de\/index.php?rest_route=\/wp\/v2\/pages\/5571\/revisions"}],"predecessor-version":[{"id":5630,"href":"https:\/\/burscheid-sonnenblume.de\/index.php?rest_route=\/wp\/v2\/pages\/5571\/revisions\/5630"}],"wp:featuredmedia":[{"embeddable":true,"href":"https:\/\/burscheid-sonnenblume.de\/index.php?rest_route=\/wp\/v2\/media\/5574"}],"wp:attachment":[{"href":"https:\/\/burscheid-sonnenblume.de\/index.php?rest_route=%2Fwp%2Fv2%2Fmedia&parent=5571"}],"curies":[{"name":"wp","href":"https:\/\/api.w.org\/{rel}","templated":true}]}}

<h5><span style="color: #6b8e23;"><img loading="lazy" decoding="async" class=" wp-image-5238 alignleft" src="https://burscheid-sonnenblume.de/wp-content/uploads/2021/04/Erster-Elternabend-Digital-via-Teams-300x169.jpg" alt="" width="366" height="206" srcset="https://burscheid-sonnenblume.de/wp-content/uploads/2021/04/Erster-Elternabend-Digital-via-Teams-300x169.jpg 300w, https://burscheid-sonnenblume.de/wp-content/uploads/2021/04/Erster-Elternabend-Digital-via-Teams.jpg 640w" sizes="auto, (max-width: 366px) 100vw, 366px" />„Not macht erfinderisch“, heißt es immer 13.04.2021 </span></h5>
<p>Auf uns in der Caritaskindertagesstätte Sonnen-blume trifft das in vielerlei Hinsicht zu.<br>Um den Familien unserer Neuaufnahmen einen guten Start zu ermöglichen, bieten wir im Frühjahr immer den „Elternabend für die Neuen“ an.<br>In Zeiten von Corona war es jedoch nicht erlaubt, eine solche Veranstaltung durchzuführen. Da sich unsere digitale Arbeit mit „Microsoft Teams“- Videokonferenzen, sowohl in Dienst-besprechungen wie auch bei Elterngesprächen bewährt hat, wollten wir auch für einen Elternabend diesen Weg gehen.</p>
<p>Per Post erhielten die Eltern die Einladung zum digitalen Elternabend. Neben Datum und Uhrzeit waren darin eine Anleitung zur Teilnahme sowie der Link zur Veranstaltung beigelegt. Sie wurden gebeten, sich zeitnah bei der Kita-Info-App zu registrieren, um alle Infos unserer Kita schon jetzt zu erhalten. Die Teilnahme wurde vom Großteil der Eltern schnell und unproblematisch durch das Zusenden ihrer Emailadresse bestätigt. Auch die Dokumente wurden von uns schon vor dem Termin per Post verschickt. So hatten alle Eltern die Möglichkeit, sich schon vorher mit den Papieren auseinanderzusetzen.<br>Gleichzeitig machten wir das Angebot, einen Tag vorher an einem „Technikcheck“ teilzuneh-men und am Tag selbst den Support zu nutzen, der durch einen Kollegen besetzt war.</p>
<p>Einige Zeit vor dem Elternabend wurde durch die jeweilige Gruppenleitung des neuen Kindes ein persönlicher Kontakt per Telefon hergestellt. In diesem Gespräch wurde den Eltern die zukünftige Gruppe des Kindes bekannt gegeben, einige Details zum digitalen Elternabend besprochen und ein Termin für unseren Kennenlerntag vereinbart. Die bereits produzierten Videos und Informationen wurden auf einer gesonderten, passwortgeschützten Seite unserer Homepage veröffentlicht. Neben vielen technischen Vorbereitungen und der technischen Begleitung durch den Abend nahmen wir uns eine abwechslungsreiche und informative Gestaltung vor. Der digitale Elternabend sollte in zwei Teilen stattfinden.</p>
<p><strong>Der erste Teil</strong> (Studioteil) fand im Besprechungsraum Bullerbü statt, der mit Kamera und Mikrophon, Licht und entsprechender Deko ausgestattet war. Vor der Kamera begrüßte Frau Sartingen-Kranz die Eltern, die sich nach und nach zuschalteten. Während dieser Zeit war ein Begrüßungsscreen zu sehen. Es gab eine kurze Übersicht über den Ablauf des Abends. Anschließend stellte sich der Trägervertreter des Caritasverbandes vor, der ebenfalls per Videochat zugeschaltet war. Die Gruppenleiter schlossen sich dem an und traten nacheinander vor die Kamera. Von allen anderen Kollegen, die nicht anwesend waren, gab es ein zusammengeschnittenes Video, in dem sich jeder einzelne kurz den Eltern vorstellte.</p>
<p>Anschließend wurden wichtige Abläufe und Informationen anhand von zwei Videos erklärt. Die Powerpoint-Präsentation „Elternreise während der Eingewöhnungszeit“ beschrieb den kompletten Ablauf von der Platzsuche bis zum Ende der Eingewöhnung in unserer Kita. Mit Fotos unserer Einrichtung und vielen anschaulichen Bildern konnten die Eltern den ihnen bekannten Teil der Anmeldung verfolgen und erhielten genaue Informationen über das, was sie noch erwartet.</p>
<p>Im Anschluss stellte unser Musterkind Inga Sorglos die Mitbringliste vor. Sie erklärte anhand von Beispielen, was das Kind am ersten Tag mit in die Kita bringen muss, was wichtig ist und warum das Kind diese Dinge benötigt. Die Kameras und Mikrofone der Eltern blieben im ersten Teil ausgeschaltet.</p>
<p>Für den <strong>zweiten Teil (gruppeninterner Teil)</strong> des Elternabends wurden die Eltern nun in unterschiedliche Chaträume zusortiert, wo sie von der Gruppenleitung ihres Kindes begrüßt wurden. In der Überleitung zum zweiten Teil wurden sie gebeten, nun ihre Kamera und die Mikrofone einzuschalten. Nach einer kleinen Vorstellungsrunde wurden die Termine für den ersten Kindergartentag ausgemacht und am Ende blieb noch Platz für offene Fragen.</p>
<p>Nach der Verabschiedung und dem Ausklang des Elternabends wurde eine Email mit den Zugangsdaten zum passwortgeschützten Teil unserer Homepage verschickt. Dort sind alle Videos des Abends, einige Fotos und unsere Konzepte hinterlegt. Mit einem QR-Code haben die Eltern die Möglichkeit, an einer „schnellen Umfrage“ zum Elternabend teilzunehmen. Ein für uns wichtiges Meinungsbild, welches unsere weitere digitale Elternarbeit unterstützt und ergänzt.</p>


<hr class="wp-block-separator"/>



<figure class="wp-block-gallery columns-3 is-cropped wp-block-gallery-2 is-layout-flex wp-block-gallery-is-layout-flex"><ul class="blocks-gallery-grid"><li class="blocks-gallery-item"><figure><img loading="lazy" decoding="async" width="640" height="480" src="https://burscheid-sonnenblume.de/wp-content/uploads/2021/06/IMG_7806.jpg" alt="" data-id="5572" data-full-url="https://burscheid-sonnenblume.de/wp-content/uploads/2021/06/IMG_7806.jpg" data-link="https://burscheid-sonnenblume.de/?attachment_id=5572" class="wp-image-5572" srcset="https://burscheid-sonnenblume.de/wp-content/uploads/2021/06/IMG_7806.jpg 640w, https://burscheid-sonnenblume.de/wp-content/uploads/2021/06/IMG_7806-300x225.jpg 300w" sizes="auto, (max-width: 640px) 100vw, 640px" /></figure></li><li class="blocks-gallery-item"><figure><img loading="lazy" decoding="async" width="640" height="480" src="https://burscheid-sonnenblume.de/wp-content/uploads/2021/06/IMG_7807.jpg" alt="" data-id="5573" data-full-url="https://burscheid-sonnenblume.de/wp-content/uploads/2021/06/IMG_7807.jpg" data-link="https://burscheid-sonnenblume.de/?attachment_id=5573" class="wp-image-5573" srcset="https://burscheid-sonnenblume.de/wp-content/uploads/2021/06/IMG_7807.jpg 640w, https://burscheid-sonnenblume.de/wp-content/uploads/2021/06/IMG_7807-300x225.jpg 300w" sizes="auto, (max-width: 640px) 100vw, 640px" /></figure></li><li class="blocks-gallery-item"><figure><img loading="lazy" decoding="async" width="640" height="480" src="https://burscheid-sonnenblume.de/wp-content/uploads/2021/06/IMG_7809.jpg" alt="" data-id="5574" data-full-url="https://burscheid-sonnenblume.de/wp-content/uploads/2021/06/IMG_7809.jpg" data-link="https://burscheid-sonnenblume.de/?attachment_id=5574" class="wp-image-5574" srcset="https://burscheid-sonnenblume.de/wp-content/uploads/2021/06/IMG_7809.jpg 640w, https://burscheid-sonnenblume.de/wp-content/uploads/2021/06/IMG_7809-300x225.jpg 300w" sizes="auto, (max-width: 640px) 100vw, 640px" /></figure></li><li class="blocks-gallery-item"><figure><img loading="lazy" decoding="async" width="640" height="480" src="https://burscheid-sonnenblume.de/wp-content/uploads/2021/06/IMG_7810.jpg" alt="" data-id="5575" data-full-url="https://burscheid-sonnenblume.de/wp-content/uploads/2021/06/IMG_7810.jpg" data-link="https://burscheid-sonnenblume.de/?attachment_id=5575" class="wp-image-5575" srcset="https://burscheid-sonnenblume.de/wp-content/uploads/2021/06/IMG_7810.jpg 640w, https://burscheid-sonnenblume.de/wp-content/uploads/2021/06/IMG_7810-300x225.jpg 300w" sizes="auto, (max-width: 640px) 100vw, 640px" /></figure></li><li class="blocks-gallery-item"><figure><img loading="lazy" decoding="async" width="640" height="480" src="https://burscheid-sonnenblume.de/wp-content/uploads/2021/06/IMG_7811.jpg" alt="" data-id="5576" data-full-url="https://burscheid-sonnenblume.de/wp-content/uploads/2021/06/IMG_7811.jpg" data-link="https://burscheid-sonnenblume.de/?attachment_id=5576" class="wp-image-5576" srcset="https://burscheid-sonnenblume.de/wp-content/uploads/2021/06/IMG_7811.jpg 640w, https://burscheid-sonnenblume.de/wp-content/uploads/2021/06/IMG_7811-300x225.jpg 300w" sizes="auto, (max-width: 640px) 100vw, 640px" /></figure></li><li class="blocks-gallery-item"><figure><img loading="lazy" decoding="async" width="640" height="480" src="https://burscheid-sonnenblume.de/wp-content/uploads/2021/06/IMG_7812.jpg" alt="" data-id="5577" data-full-url="https://burscheid-sonnenblume.de/wp-content/uploads/2021/06/IMG_7812.jpg" data-link="https://burscheid-sonnenblume.de/?attachment_id=5577" class="wp-image-5577" srcset="https://burscheid-sonnenblume.de/wp-content/uploads/2021/06/IMG_7812.jpg 640w, https://burscheid-sonnenblume.de/wp-content/uploads/2021/06/IMG_7812-300x225.jpg 300w" sizes="auto, (max-width: 640px) 100vw, 640px" /></figure></li></ul><figcaption class="blocks-gallery-caption">Impressionen aus dem Studio Teil 1</figcaption></figure>



<hr class="wp-block-separator"/>


<h5><span style="color: #6b8e23;">Videos zumElternabend</span></h5>


<div class="wp-block-columns is-layout-flex wp-container-core-columns-is-layout-1 wp-block-columns-is-layout-flex">
<div class="wp-block-column is-layout-flow wp-block-column-is-layout-flow">
<figure class="wp-block-video"><video controls src="https://burscheid-sonnenblume.de/wp-content/uploads/2021/04/Inga-stellt-den-Korb-vor-540-gering.mp4"></video><figcaption>Inga präsentiert den Korb</figcaption></figure>



<figure class="wp-block-video"><video controls src="https://burscheid-sonnenblume.de/wp-content/uploads/2021/04/Eingewöhnungsmodell-Kita-Sonnenblume.mp4"></video><figcaption>Powerpoint als Video<br>“Die Eingewöhung ihrer Kinder…” – wurde nicht beim Elternabend gezeigt</figcaption></figure>
</div>



<div class="wp-block-column is-layout-flow wp-block-column-is-layout-flow">
<figure class="wp-block-video"><video controls src="https://burscheid-sonnenblume.de/wp-content/uploads/2021/04/Elternreise-angepasst.mp4"></video><figcaption>Die Elternreise</figcaption></figure>
</div>
</div>

<p>„Not macht erfinderisch“, heißt es immer 13.04.2021 Auf uns in der Caritaskindertagesstätte Sonnen-blume trifft das in vielerlei Hinsicht zu.Um den Familien unserer Neuaufnahmen einen guten Start zu ermöglichen, bieten wir im Frühjahr immer den „Elternabend für die Neuen“ an.In Zeiten</p>
