{"id":409,"date":"2019-09-21T19:51:02","date_gmt":"2019-09-21T19:51:02","guid":{"rendered":"http:\/\/burscheid-sonnenblume.de\/?page_id=409"},"modified":"2019-10-19T14:34:29","modified_gmt":"2019-10-19T14:34:29","slug":"ein-tag-mit-inga-sorglos","status":"publish","type":"page","link":"https:\/\/burscheid-sonnenblume.de\/?page_id=409","title":{"rendered":"Ein Mustertag mit Inga Sorglos"},"content":{"rendered":"<p style=\"text-align: left;\">Jeder Tag ist anders, aber wie verl\u00e4uft ein typischer Kindergartentag in unserer Einrichtung? Unser Musterkind Inga Sorglos m\u00f6chte Ihnen gerne von ihrem Tag in der Sonnengruppe berichten.<\/p>\n<div id=\"page-zones__main-widgets__5d53fc345a868\" class=\"widget widget--zone-widget js-widget\" data-name=\"responsivecolumns\" data-uniqueid=\"EcwWmiCRFh49Xhj\" data-parentuniqueid=\"2vBvQGA8HsdOKH5\">\n<div class=\"bk-responsivecolumns  responsivecolumns  widget__responsivecolumns  js-responsivecolumns\">\n<section id=\"page-zones__main-widgets__5d53fc345a868-zones__5d53fc347b425\" class=\"bk-zone column columns-two-left\" data-uniqueid=\"Cnyt32vWJKNubjZ\" data-parentuniqueid=\"EcwWmiCRFh49Xhj\">\n<div id=\"page-zones__main-widgets__5d53fc345a868-zones__5d53fc347b425-widgets__5d53fc348f850\" class=\"widget widget--zone-widget js-widget\" data-name=\"content\" data-uniqueid=\"06q2n6jrhqDYIHc\" data-parentuniqueid=\"Cnyt32vWJKNubjZ\">\n<h4><span style=\"color: #6b8e23;\">Mein Name ist Inga Sorglos&#8230;<\/span><\/h4>\n<p><img loading=\"lazy\" decoding=\"async\" class=\" wp-image-411 alignleft\" src=\"http:\/\/burscheid-sonnenblume.de\/wp-content\/uploads\/2019\/09\/Inga_Tagesablauf_1-300x200.jpg\" alt=\"\" width=\"270\" height=\"180\" srcset=\"https:\/\/burscheid-sonnenblume.de\/wp-content\/uploads\/2019\/09\/Inga_Tagesablauf_1-300x200.jpg 300w, https:\/\/burscheid-sonnenblume.de\/wp-content\/uploads\/2019\/09\/Inga_Tagesablauf_1-768x512.jpg 768w, https:\/\/burscheid-sonnenblume.de\/wp-content\/uploads\/2019\/09\/Inga_Tagesablauf_1-1024x683.jpg 1024w\" sizes=\"auto, (max-width: 270px) 100vw, 270px\" \/>&#8230; und ich bin schon fast vier Jahre alt. Seit letztem Jahr bin ich ein Kindergartenkind in der Kindertagesst\u00e4tte \u201eSonnenblume\u201c und besuche dort die Sonnengruppe. Meine Mama, manchmal auch meine Oma bringen mich immer um 8:30 Uhr in den Kindergarten. So haben wir noch genug Zeit uns in der Garderobe zu verabschieden und entspannt den Tag zu beginnen. Denn um 9:00 Uhr schlie\u00dfen die Gruppen ihre T\u00fcren und starten nach einer zweist\u00fcndigen Bringphase den Tag mit einem Morgenkreis.<\/p>\n<p class=\"bk-content-text  content  widget__content  wysihtml-editor-content\"><span class=\"js-text-content content-block\">Nachdem ich mich in der Garderobe entkleidet habe, ziehe ich meine Hausschuhe an, verabschiede mich von meiner Mama und gehe in die Gruppe. Ich bin schon sehr gespannt, ob mein bester Freund Willi auch da ist. Denn Willi, wird oft schon um 7:00 Uhr in den Kindergarten gebracht. Bis ich komme, spielt Willi in der M\u00e4usegruppe und wird, zusammen mit den anderen Kindern aus der Sonnengruppe, um 8:00 Uhr von meinem\u00a0 Gruppenleiter abgeholt und in unsere Gruppe begleitet. <\/span><\/p>\n<p class=\"bk-content-text  content  widget__content  wysihtml-editor-content\"><span class=\"js-text-content content-block\">Nachdem ich meiner Mama am Fenster gewunken habe, knurrt mein Magen und ich setze mich mit meiner Butterbrotdose an den Fr\u00fchst\u00fcckstisch.<br \/>\n<\/span><\/p>\n<\/div>\n<\/section>\n<\/div>\n<\/div>\n<div id=\"page-zones__main-widgets__5d52c254ca8ec\" class=\"widget widget--zone-widget js-widget\" data-name=\"content\" data-uniqueid=\"T5MtZl56wuzAmC5\" data-parentuniqueid=\"2vBvQGA8HsdOKH5\">\n<p class=\"bk-content-text  content  widget__content  wysihtml-editor-content\"><span class=\"js-text-content content-block\"><img loading=\"lazy\" decoding=\"async\" class=\"size-medium wp-image-412 alignright\" src=\"http:\/\/burscheid-sonnenblume.de\/wp-content\/uploads\/2019\/09\/Inga_Tagesablauf_2-300x200.jpg\" alt=\"\" width=\"300\" height=\"200\" srcset=\"https:\/\/burscheid-sonnenblume.de\/wp-content\/uploads\/2019\/09\/Inga_Tagesablauf_2-300x200.jpg 300w, https:\/\/burscheid-sonnenblume.de\/wp-content\/uploads\/2019\/09\/Inga_Tagesablauf_2-768x512.jpg 768w, https:\/\/burscheid-sonnenblume.de\/wp-content\/uploads\/2019\/09\/Inga_Tagesablauf_2-1024x683.jpg 1024w\" sizes=\"auto, (max-width: 300px) 100vw, 300px\" \/>Papa macht mir immer ein leckeres Fr\u00fchst\u00fcck mit Obst oder Gem\u00fcse und einem Brot. Manchmal habe ich auch einen Joghurt oder ein M\u00fcsli dabei. Am liebsten trinke ich dazu Wasser. Es gibt aber auch immer Tee oder &#8211; zu besonderen Anl\u00e4ssen &#8211; auch mal Kakao. Wenn ich satt bin, sp\u00fcle ich meinen Teller und Becher und stelle sie wieder sauber auf den Tisch f\u00fcr das n\u00e4chste Kind, das fr\u00fchst\u00fccken m\u00f6chte.<br \/>\n<\/span><\/p>\n<p>Um 9:00 Uhr, wenn alle Kinder da sind, machen wir einen Morgenkreis und planen den Tag. Danach spielen oder singen wir, oder wir lesen gemeinsam ein Buch.<\/p>\n<p><img loading=\"lazy\" decoding=\"async\" class=\"size-medium wp-image-413 alignleft\" src=\"http:\/\/burscheid-sonnenblume.de\/wp-content\/uploads\/2019\/09\/Inga_Tagesablauf_3-300x200.jpg\" alt=\"\" width=\"300\" height=\"200\" srcset=\"https:\/\/burscheid-sonnenblume.de\/wp-content\/uploads\/2019\/09\/Inga_Tagesablauf_3-300x200.jpg 300w, https:\/\/burscheid-sonnenblume.de\/wp-content\/uploads\/2019\/09\/Inga_Tagesablauf_3-768x512.jpg 768w, https:\/\/burscheid-sonnenblume.de\/wp-content\/uploads\/2019\/09\/Inga_Tagesablauf_3-1024x683.jpg 1024w\" sizes=\"auto, (max-width: 300px) 100vw, 300px\" \/>Nach dem Morgenkreis k\u00f6nnen wir uns aussuchen, wo wir gerne spielen m\u00f6chten. Ich gehe gerne in die Puppenecke oder an den Maltisch. Heute bin ich aber mit einer Freundin in den Flur gegangen, um dort eine gro\u00dfe H\u00f6hle zu bauen. Gegen 10:00 Uhr r\u00e4umen wir alle auf und gehen an die frische Luft auf das Au\u00dfengel\u00e4nde.<\/p>\n<p>Um 11:30 Uhr gehen wir wieder rein, da es um 11:45 Uhr Mittagessen gibt. Daf\u00fcr gehen wir alle wieder in unsere Gruppe und setzen uns an die Tische. Es riecht schon lecker. Das Essen d\u00fcrfen wir uns selber nehmen. Es schmeckt mir heute\u00a0 so gut, dass ich einen Nachschlag nehme. Nach dem Essen putze ich meine Z\u00e4hne und gehe zur\u00fcck in die Gruppe. Wenn alle Kinder satt sind, gehen wir aus unseren Stammgruppen in andere Gruppen.<\/p>\n<p><img loading=\"lazy\" decoding=\"async\" class=\"size-medium wp-image-448 alignright\" src=\"http:\/\/burscheid-sonnenblume.de\/wp-content\/uploads\/2019\/09\/Inga_Tagesablauf_28-1-300x200.jpg\" alt=\"\" width=\"300\" height=\"200\" srcset=\"https:\/\/burscheid-sonnenblume.de\/wp-content\/uploads\/2019\/09\/Inga_Tagesablauf_28-1-300x200.jpg 300w, https:\/\/burscheid-sonnenblume.de\/wp-content\/uploads\/2019\/09\/Inga_Tagesablauf_28-1-768x512.jpg 768w, https:\/\/burscheid-sonnenblume.de\/wp-content\/uploads\/2019\/09\/Inga_Tagesablauf_28-1-1024x683.jpg 1024w\" sizes=\"auto, (max-width: 300px) 100vw, 300px\" \/>Unsere j\u00fcngsten Kinder wechseln in die M\u00e4usegruppe. Dort haben sie die M\u00f6glichkeit, entweder in der Bettenburg zu schlafen oder im Gruppenraum zu Ruhen. Auch nach dem Schlafen bleiben die j\u00fcngsten Kinder in der M\u00e4usegruppe. Unsere gro\u00dfen Vorschulkinder treffen sich in der Wiesenwichtelgruppe.<\/p>\n<p>Ich bleibe in der Sonnengruppe und baue mit Lego. Um 14:30 Uhr gibt es unseren <a href=\"https:\/\/burscheid-sonnenblume.de\/?page_id=237\">Mittagssnack<\/a>. Es gibt zum Beispiel Obst oder belegte Brote, Gem\u00fcse, Joghurt und manchmal auch Kekse.<br \/>\n<img loading=\"lazy\" decoding=\"async\" class=\"size-medium wp-image-449 alignleft\" src=\"http:\/\/burscheid-sonnenblume.de\/wp-content\/uploads\/2019\/09\/Inga_Tagesablauf_12-1-300x200.jpg\" alt=\"\" width=\"300\" height=\"200\" srcset=\"https:\/\/burscheid-sonnenblume.de\/wp-content\/uploads\/2019\/09\/Inga_Tagesablauf_12-1-300x200.jpg 300w, https:\/\/burscheid-sonnenblume.de\/wp-content\/uploads\/2019\/09\/Inga_Tagesablauf_12-1-768x512.jpg 768w, https:\/\/burscheid-sonnenblume.de\/wp-content\/uploads\/2019\/09\/Inga_Tagesablauf_12-1-1024x683.jpg 1024w\" sizes=\"auto, (max-width: 300px) 100vw, 300px\" \/>W\u00e4hrend des Mittagssnacks warten alle Mamas und Papas, die ihre Kinder abholen wollen, vor der T\u00fcre, damit wir in Ruhe essen k\u00f6nnen.<\/p>\n<p>Anschlie\u00dfend ziehen wir uns in der Garderobe unsere Matschkleidung an und gehen nach drau\u00dfen. Mama holt mich meist um 15:30 Uhr ab.<\/p>\n<p>Gemeinsam gehen wir zu meiner Gruppe und h\u00e4ngen die Matschkleidung wieder an den Haken. Dann nehme ich meine Kindergartentasche und verlasse mit Mama den Kindergarten. Drau\u00dfen winke ich noch meinen Freunden und den ErzieherInnen.<\/p>\n<p style=\"text-align: center;\"><i>Das war wieder ein sch\u00f6ner Tag!<\/i><\/p>\n<hr \/>\n<\/div>\n","protected":false},"excerpt":{"rendered":"<p>Jeder Tag ist anders, aber wie verl\u00e4uft ein typischer Kindergartentag in unserer Einrichtung? Unser Musterkind Inga Sorglos m\u00f6chte Ihnen gerne von ihrem Tag in der Sonnengruppe berichten. Mein Name ist Inga Sorglos&#8230; &#8230; und ich bin schon fast vier Jahre<\/p>\n","protected":false},"author":1,"featured_media":0,"parent":0,"menu_order":0,"comment_status":"closed","ping_status":"closed","template":"","meta":{"footnotes":""},"class_list":["post-409","page","type-page","status-publish","hentry"],"_links":{"self":[{"href":"https:\/\/burscheid-sonnenblume.de\/index.php?rest_route=\/wp\/v2\/pages\/409","targetHints":{"allow":["GET"]}}],"collection":[{"href":"https:\/\/burscheid-sonnenblume.de\/index.php?rest_route=\/wp\/v2\/pages"}],"about":[{"href":"https:\/\/burscheid-sonnenblume.de\/index.php?rest_route=\/wp\/v2\/types\/page"}],"author":[{"embeddable":true,"href":"https:\/\/burscheid-sonnenblume.de\/index.php?rest_route=\/wp\/v2\/users\/1"}],"replies":[{"embeddable":true,"href":"https:\/\/burscheid-sonnenblume.de\/index.php?rest_route=%2Fwp%2Fv2%2Fcomments&post=409"}],"version-history":[{"count":16,"href":"https:\/\/burscheid-sonnenblume.de\/index.php?rest_route=\/wp\/v2\/pages\/409\/revisions"}],"predecessor-version":[{"id":1505,"href":"https:\/\/burscheid-sonnenblume.de\/index.php?rest_route=\/wp\/v2\/pages\/409\/revisions\/1505"}],"wp:attachment":[{"href":"https:\/\/burscheid-sonnenblume.de\/index.php?rest_route=%2Fwp%2Fv2%2Fmedia&parent=409"}],"curies":[{"name":"wp","href":"https:\/\/api.w.org\/{rel}","templated":true}]}}

<p style="text-align: left;">Jeder Tag ist anders, aber wie verläuft ein typischer Kindergartentag in unserer Einrichtung? Unser Musterkind Inga Sorglos möchte Ihnen gerne von ihrem Tag in der Sonnengruppe berichten.</p>
<div id="page-zones__main-widgets__5d53fc345a868" class="widget widget--zone-widget js-widget" data-name="responsivecolumns" data-uniqueid="EcwWmiCRFh49Xhj" data-parentuniqueid="2vBvQGA8HsdOKH5">
<div class="bk-responsivecolumns  responsivecolumns  widget__responsivecolumns  js-responsivecolumns">
<section id="page-zones__main-widgets__5d53fc345a868-zones__5d53fc347b425" class="bk-zone column columns-two-left" data-uniqueid="Cnyt32vWJKNubjZ" data-parentuniqueid="EcwWmiCRFh49Xhj">
<div id="page-zones__main-widgets__5d53fc345a868-zones__5d53fc347b425-widgets__5d53fc348f850" class="widget widget--zone-widget js-widget" data-name="content" data-uniqueid="06q2n6jrhqDYIHc" data-parentuniqueid="Cnyt32vWJKNubjZ">
<h4><span style="color: #6b8e23;">Mein Name ist Inga Sorglos&#8230;</span></h4>
<p><img loading="lazy" decoding="async" class=" wp-image-411 alignleft" src="http://burscheid-sonnenblume.de/wp-content/uploads/2019/09/Inga_Tagesablauf_1-300x200.jpg" alt="" width="270" height="180" srcset="https://burscheid-sonnenblume.de/wp-content/uploads/2019/09/Inga_Tagesablauf_1-300x200.jpg 300w, https://burscheid-sonnenblume.de/wp-content/uploads/2019/09/Inga_Tagesablauf_1-768x512.jpg 768w, https://burscheid-sonnenblume.de/wp-content/uploads/2019/09/Inga_Tagesablauf_1-1024x683.jpg 1024w" sizes="auto, (max-width: 270px) 100vw, 270px" />&#8230; und ich bin schon fast vier Jahre alt. Seit letztem Jahr bin ich ein Kindergartenkind in der Kindertagesstätte „Sonnenblume“ und besuche dort die Sonnengruppe. Meine Mama, manchmal auch meine Oma bringen mich immer um 8:30 Uhr in den Kindergarten. So haben wir noch genug Zeit uns in der Garderobe zu verabschieden und entspannt den Tag zu beginnen. Denn um 9:00 Uhr schließen die Gruppen ihre Türen und starten nach einer zweistündigen Bringphase den Tag mit einem Morgenkreis.</p>
<p class="bk-content-text  content  widget__content  wysihtml-editor-content"><span class="js-text-content content-block">Nachdem ich mich in der Garderobe entkleidet habe, ziehe ich meine Hausschuhe an, verabschiede mich von meiner Mama und gehe in die Gruppe. Ich bin schon sehr gespannt, ob mein bester Freund Willi auch da ist. Denn Willi, wird oft schon um 7:00 Uhr in den Kindergarten gebracht. Bis ich komme, spielt Willi in der Mäusegruppe und wird, zusammen mit den anderen Kindern aus der Sonnengruppe, um 8:00 Uhr von meinem  Gruppenleiter abgeholt und in unsere Gruppe begleitet. </span></p>
<p class="bk-content-text  content  widget__content  wysihtml-editor-content"><span class="js-text-content content-block">Nachdem ich meiner Mama am Fenster gewunken habe, knurrt mein Magen und ich setze mich mit meiner Butterbrotdose an den Frühstückstisch.<br />
</span></p>
</div>
</section>
</div>
</div>
<div id="page-zones__main-widgets__5d52c254ca8ec" class="widget widget--zone-widget js-widget" data-name="content" data-uniqueid="T5MtZl56wuzAmC5" data-parentuniqueid="2vBvQGA8HsdOKH5">
<p class="bk-content-text  content  widget__content  wysihtml-editor-content"><span class="js-text-content content-block"><img loading="lazy" decoding="async" class="size-medium wp-image-412 alignright" src="http://burscheid-sonnenblume.de/wp-content/uploads/2019/09/Inga_Tagesablauf_2-300x200.jpg" alt="" width="300" height="200" srcset="https://burscheid-sonnenblume.de/wp-content/uploads/2019/09/Inga_Tagesablauf_2-300x200.jpg 300w, https://burscheid-sonnenblume.de/wp-content/uploads/2019/09/Inga_Tagesablauf_2-768x512.jpg 768w, https://burscheid-sonnenblume.de/wp-content/uploads/2019/09/Inga_Tagesablauf_2-1024x683.jpg 1024w" sizes="auto, (max-width: 300px) 100vw, 300px" />Papa macht mir immer ein leckeres Frühstück mit Obst oder Gemüse und einem Brot. Manchmal habe ich auch einen Joghurt oder ein Müsli dabei. Am liebsten trinke ich dazu Wasser. Es gibt aber auch immer Tee oder &#8211; zu besonderen Anlässen &#8211; auch mal Kakao. Wenn ich satt bin, spüle ich meinen Teller und Becher und stelle sie wieder sauber auf den Tisch für das nächste Kind, das frühstücken möchte.<br />
</span></p>
<p>Um 9:00 Uhr, wenn alle Kinder da sind, machen wir einen Morgenkreis und planen den Tag. Danach spielen oder singen wir, oder wir lesen gemeinsam ein Buch.</p>
<p><img loading="lazy" decoding="async" class="size-medium wp-image-413 alignleft" src="http://burscheid-sonnenblume.de/wp-content/uploads/2019/09/Inga_Tagesablauf_3-300x200.jpg" alt="" width="300" height="200" srcset="https://burscheid-sonnenblume.de/wp-content/uploads/2019/09/Inga_Tagesablauf_3-300x200.jpg 300w, https://burscheid-sonnenblume.de/wp-content/uploads/2019/09/Inga_Tagesablauf_3-768x512.jpg 768w, https://burscheid-sonnenblume.de/wp-content/uploads/2019/09/Inga_Tagesablauf_3-1024x683.jpg 1024w" sizes="auto, (max-width: 300px) 100vw, 300px" />Nach dem Morgenkreis können wir uns aussuchen, wo wir gerne spielen möchten. Ich gehe gerne in die Puppenecke oder an den Maltisch. Heute bin ich aber mit einer Freundin in den Flur gegangen, um dort eine große Höhle zu bauen. Gegen 10:00 Uhr räumen wir alle auf und gehen an die frische Luft auf das Außengelände.</p>
<p>Um 11:30 Uhr gehen wir wieder rein, da es um 11:45 Uhr Mittagessen gibt. Dafür gehen wir alle wieder in unsere Gruppe und setzen uns an die Tische. Es riecht schon lecker. Das Essen dürfen wir uns selber nehmen. Es schmeckt mir heute  so gut, dass ich einen Nachschlag nehme. Nach dem Essen putze ich meine Zähne und gehe zurück in die Gruppe. Wenn alle Kinder satt sind, gehen wir aus unseren Stammgruppen in andere Gruppen.</p>
<p><img loading="lazy" decoding="async" class="size-medium wp-image-448 alignright" src="http://burscheid-sonnenblume.de/wp-content/uploads/2019/09/Inga_Tagesablauf_28-1-300x200.jpg" alt="" width="300" height="200" srcset="https://burscheid-sonnenblume.de/wp-content/uploads/2019/09/Inga_Tagesablauf_28-1-300x200.jpg 300w, https://burscheid-sonnenblume.de/wp-content/uploads/2019/09/Inga_Tagesablauf_28-1-768x512.jpg 768w, https://burscheid-sonnenblume.de/wp-content/uploads/2019/09/Inga_Tagesablauf_28-1-1024x683.jpg 1024w" sizes="auto, (max-width: 300px) 100vw, 300px" />Unsere jüngsten Kinder wechseln in die Mäusegruppe. Dort haben sie die Möglichkeit, entweder in der Bettenburg zu schlafen oder im Gruppenraum zu Ruhen. Auch nach dem Schlafen bleiben die jüngsten Kinder in der Mäusegruppe. Unsere großen Vorschulkinder treffen sich in der Wiesenwichtelgruppe.</p>
<p>Ich bleibe in der Sonnengruppe und baue mit Lego. Um 14:30 Uhr gibt es unseren <a href="https://burscheid-sonnenblume.de/?page_id=237">Mittagssnack</a>. Es gibt zum Beispiel Obst oder belegte Brote, Gemüse, Joghurt und manchmal auch Kekse.<br />
<img loading="lazy" decoding="async" class="size-medium wp-image-449 alignleft" src="http://burscheid-sonnenblume.de/wp-content/uploads/2019/09/Inga_Tagesablauf_12-1-300x200.jpg" alt="" width="300" height="200" srcset="https://burscheid-sonnenblume.de/wp-content/uploads/2019/09/Inga_Tagesablauf_12-1-300x200.jpg 300w, https://burscheid-sonnenblume.de/wp-content/uploads/2019/09/Inga_Tagesablauf_12-1-768x512.jpg 768w, https://burscheid-sonnenblume.de/wp-content/uploads/2019/09/Inga_Tagesablauf_12-1-1024x683.jpg 1024w" sizes="auto, (max-width: 300px) 100vw, 300px" />Während des Mittagssnacks warten alle Mamas und Papas, die ihre Kinder abholen wollen, vor der Türe, damit wir in Ruhe essen können.</p>
<p>Anschließend ziehen wir uns in der Garderobe unsere Matschkleidung an und gehen nach draußen. Mama holt mich meist um 15:30 Uhr ab.</p>
<p>Gemeinsam gehen wir zu meiner Gruppe und hängen die Matschkleidung wieder an den Haken. Dann nehme ich meine Kindergartentasche und verlasse mit Mama den Kindergarten. Draußen winke ich noch meinen Freunden und den ErzieherInnen.</p>
<p style="text-align: center;"><i>Das war wieder ein schöner Tag!</i></p>
<hr />
</div>

<p>Jeder Tag ist anders, aber wie verläuft ein typischer Kindergartentag in unserer Einrichtung? Unser Musterkind Inga Sorglos möchte Ihnen gerne von ihrem Tag in der Sonnengruppe berichten. Mein Name ist Inga Sorglos&#8230; &#8230; und ich bin schon fast vier Jahre</p>
