{"id":2775,"date":"2020-04-21T09:05:33","date_gmt":"2020-04-21T08:05:33","guid":{"rendered":"https:\/\/burscheid-sonnenblume.de\/?page_id=2775"},"modified":"2020-05-07T10:30:11","modified_gmt":"2020-05-07T09:30:11","slug":"video-die-luftballon-challenge","status":"publish","type":"page","link":"https:\/\/burscheid-sonnenblume.de\/?page_id=2775","title":{"rendered":"Die Luftballon Challenge + Film"},"content":{"rendered":"<h5><span style=\"color: #6b8e23;\"><img loading=\"lazy\" decoding=\"async\" class=\"size-medium wp-image-3030 alignleft\" src=\"https:\/\/burscheid-sonnenblume.de\/wp-content\/uploads\/2020\/05\/Bildschirmfoto-2020-05-04-um-20.09.48-300x198.png\" alt=\"\" width=\"300\" height=\"198\" srcset=\"https:\/\/burscheid-sonnenblume.de\/wp-content\/uploads\/2020\/05\/Bildschirmfoto-2020-05-04-um-20.09.48-300x198.png 300w, https:\/\/burscheid-sonnenblume.de\/wp-content\/uploads\/2020\/05\/Bildschirmfoto-2020-05-04-um-20.09.48.png 762w\" sizes=\"auto, (max-width: 300px) 100vw, 300px\" \/>Das Ergebnis der Luftballon Challenge<\/span><\/h5>\n<p>\u201eLuftballon Challenge\u201c &#8211;&nbsp; unser Film!<br>Ja, es hat geklappt und wir wissen, es war nicht gar nicht einfach, daf\u00fcr ein ganz, ganz herzliches Dankesch\u00f6n!&nbsp;<\/p>\n<p>Mit unseren Luftballons schicken wir unsere W\u00fcnsche in den Himmel:<\/p>\n<p style=\"text-align: center;\"><em>\u201eWir freuen uns auf ein baldiges, <br>gesundes Wiedersehen aller Kinder in der <br>Caritas Kindertagesst\u00e4tte Sonnenblume! <\/em><\/p>\n<p>Gleichfalls sagen wir DANKE f\u00fcr Ihre engagierten, kreativen und wertsch\u00e4tzenden Betr\u00e4ge, die wir f\u00fcr unsere Newsletter erhalten haben.<\/p>\n<p>Nur durch Ihre gro\u00dfartige Beteiligung konnte sich der \u201eCorona-Ferien-Newsletter\u201c so positiv entwickeln.<\/p>\n<p>Nunmehr freuen wir uns mit der heutigen 43. Auflage den \u201eStaffelstab\u201c weitergeben zu k\u00f6nnen und hoffen auf eine gleichfalls rege Beteiligung an unseren Sonnenblumen LIVE Aktionen!&nbsp;<\/p>\n<p>Das ganze Team der Caritas Kindertagesst\u00e4tte \u201eSonnenblume\u201c.<\/p>\n\n\n<figure class=\"wp-block-video\"><video controls src=\"https:\/\/burscheid-sonnenblume.de\/wp-content\/uploads\/2020\/05\/Luftballon-Challenge.mp4\"><\/video><figcaption>Die Luftballon Challenge der Film<\/figcaption><\/figure>\n\n\n\n","protected":false},"excerpt":{"rendered":"<p>Das Ergebnis der Luftballon Challenge \u201eLuftballon Challenge\u201c &#8211;&nbsp; unser Film!Ja, es hat geklappt und wir wissen, es war nicht gar nicht einfach, daf\u00fcr ein ganz, ganz herzliches Dankesch\u00f6n!&nbsp; Mit unseren Luftballons schicken wir unsere W\u00fcnsche in den Himmel: \u201eWir freuen<\/p>\n","protected":false},"author":1,"featured_media":3030,"parent":0,"menu_order":0,"comment_status":"closed","ping_status":"closed","template":"","meta":{"footnotes":""},"class_list":["post-2775","page","type-page","status-publish","has-post-thumbnail","hentry"],"_links":{"self":[{"href":"https:\/\/burscheid-sonnenblume.de\/index.php?rest_route=\/wp\/v2\/pages\/2775","targetHints":{"allow":["GET"]}}],"collection":[{"href":"https:\/\/burscheid-sonnenblume.de\/index.php?rest_route=\/wp\/v2\/pages"}],"about":[{"href":"https:\/\/burscheid-sonnenblume.de\/index.php?rest_route=\/wp\/v2\/types\/page"}],"author":[{"embeddable":true,"href":"https:\/\/burscheid-sonnenblume.de\/index.php?rest_route=\/wp\/v2\/users\/1"}],"replies":[{"embeddable":true,"href":"https:\/\/burscheid-sonnenblume.de\/index.php?rest_route=%2Fwp%2Fv2%2Fcomments&post=2775"}],"version-history":[{"count":19,"href":"https:\/\/burscheid-sonnenblume.de\/index.php?rest_route=\/wp\/v2\/pages\/2775\/revisions"}],"predecessor-version":[{"id":3112,"href":"https:\/\/burscheid-sonnenblume.de\/index.php?rest_route=\/wp\/v2\/pages\/2775\/revisions\/3112"}],"wp:featuredmedia":[{"embeddable":true,"href":"https:\/\/burscheid-sonnenblume.de\/index.php?rest_route=\/wp\/v2\/media\/3030"}],"wp:attachment":[{"href":"https:\/\/burscheid-sonnenblume.de\/index.php?rest_route=%2Fwp%2Fv2%2Fmedia&parent=2775"}],"curies":[{"name":"wp","href":"https:\/\/api.w.org\/{rel}","templated":true}]}}