{"id":2413,"date":"2020-04-08T11:50:47","date_gmt":"2020-04-08T10:50:47","guid":{"rendered":"https:\/\/burscheid-sonnenblume.de\/?page_id=2413"},"modified":"2020-04-08T11:56:58","modified_gmt":"2020-04-08T10:56:58","slug":"video-die-auferstehung","status":"publish","type":"page","link":"https:\/\/burscheid-sonnenblume.de\/?page_id=2413","title":{"rendered":"Video &#8211; Die Auferstehung"},"content":{"rendered":"<h5><span style=\"color: #6b8e23;\">Sonntag nach dem ersten Vollmond im Fr\u00fchling<\/span><\/h5>\n<p><img loading=\"lazy\" decoding=\"async\" class=\" wp-image-2415 alignleft\" src=\"https:\/\/burscheid-sonnenblume.de\/wp-content\/uploads\/2020\/04\/Auferstehung-300x242.jpg\" alt=\"\" width=\"189\" height=\"152\" srcset=\"https:\/\/burscheid-sonnenblume.de\/wp-content\/uploads\/2020\/04\/Auferstehung-300x242.jpg 300w, https:\/\/burscheid-sonnenblume.de\/wp-content\/uploads\/2020\/04\/Auferstehung.jpg 398w\" sizes=\"auto, (max-width: 189px) 100vw, 189px\" \/>Ostern ist das h\u00f6chste Fest im Kirchenjahr. Es ist das Fest aller Feste. Wir feiern die Auferstehung Jesu vom Tod. Wir freuen uns dar\u00fcber, dass Jesus lebt und nie mehr sterben wird. (Lukasevangelium, Kap. 24)<\/p>\n<p>Ein Engel sagte den Frauen, die Jesus nach drei Tagen im Grabe suchten: &#8220;Er ist nicht mehr hier. Er ist auferstanden! Kommt nur her und seht die Stelle, wo er gelegen hat!&#8221; Als die Frauen weggingen, erschien ihnen Jesus auf dem Weg.<\/p>\n<p>Auch den heutigen Beitrag haben die Erzieherinnen Verena Jung und Heidi Neumann f\u00fcr Euch vorbereitet.<\/p>\n\n\n<figure class=\"wp-block-video\"><video controls src=\"https:\/\/burscheid-sonnenblume.de\/wp-content\/uploads\/2020\/04\/Die-Auferstehung.mp4\"><\/video><figcaption>Die Auferstehung -Jesu<\/figcaption><\/figure>\n\n\n\n<p><\/p>\n","protected":false},"excerpt":{"rendered":"<p>Sonntag nach dem ersten Vollmond im Fr\u00fchling Ostern ist das h\u00f6chste Fest im Kirchenjahr. Es ist das Fest aller Feste. Wir feiern die Auferstehung Jesu vom Tod. Wir freuen uns dar\u00fcber, dass Jesus lebt und nie mehr sterben wird. (Lukasevangelium,<\/p>\n","protected":false},"author":1,"featured_media":0,"parent":0,"menu_order":0,"comment_status":"closed","ping_status":"closed","template":"","meta":{"footnotes":""},"class_list":["post-2413","page","type-page","status-publish","hentry"],"_links":{"self":[{"href":"https:\/\/burscheid-sonnenblume.de\/index.php?rest_route=\/wp\/v2\/pages\/2413","targetHints":{"allow":["GET"]}}],"collection":[{"href":"https:\/\/burscheid-sonnenblume.de\/index.php?rest_route=\/wp\/v2\/pages"}],"about":[{"href":"https:\/\/burscheid-sonnenblume.de\/index.php?rest_route=\/wp\/v2\/types\/page"}],"author":[{"embeddable":true,"href":"https:\/\/burscheid-sonnenblume.de\/index.php?rest_route=\/wp\/v2\/users\/1"}],"replies":[{"embeddable":true,"href":"https:\/\/burscheid-sonnenblume.de\/index.php?rest_route=%2Fwp%2Fv2%2Fcomments&post=2413"}],"version-history":[{"count":4,"href":"https:\/\/burscheid-sonnenblume.de\/index.php?rest_route=\/wp\/v2\/pages\/2413\/revisions"}],"predecessor-version":[{"id":2419,"href":"https:\/\/burscheid-sonnenblume.de\/index.php?rest_route=\/wp\/v2\/pages\/2413\/revisions\/2419"}],"wp:attachment":[{"href":"https:\/\/burscheid-sonnenblume.de\/index.php?rest_route=%2Fwp%2Fv2%2Fmedia&parent=2413"}],"curies":[{"name":"wp","href":"https:\/\/api.w.org\/{rel}","templated":true}]}}