{"id":2366,"date":"2020-04-06T14:24:39","date_gmt":"2020-04-06T13:24:39","guid":{"rendered":"https:\/\/burscheid-sonnenblume.de\/?page_id=2366"},"modified":"2020-04-06T14:24:39","modified_gmt":"2020-04-06T13:24:39","slug":"video-haeschen-in-der-grube","status":"publish","type":"page","link":"https:\/\/burscheid-sonnenblume.de\/?page_id=2366","title":{"rendered":"Video &#8211; H\u00e4schen in der Grube"},"content":{"rendered":"\n<figure class=\"wp-block-video\"><video controls src=\"https:\/\/burscheid-sonnenblume.de\/wp-content\/uploads\/2020\/04\/H\u00e4schen-in-der-Grube.mp4\"><\/video><figcaption> H\u00e4schen in der Grube <\/figcaption><\/figure>\n\n\n<h5><span style=\"color: #6b8e23;\">H\u00e4schen in der Grube<\/span><\/h5>\n<p>Heute haben wir wieder eine sch\u00f6ne \u00dcberraschung f\u00fcr Euch. <br \/>Frau Jana Romaker, p\u00e4d. Fachkraft unserer Einrichtung, hat das Lied, \u201eH\u00e4schen in der Grube\u201c sehr kreativ in ein Video verwandelt. <br \/><br \/><em>H\u00e4schen in der Grube<\/em><br \/><em>Sa\u00df und schlief<\/em><br \/><em>Sa\u00df und schlief<\/em><br \/><em>Armes H\u00e4schen, bist du krank<\/em><br \/><em>Dass du nicht mehr h\u00fcpfen kannst?<\/em><br \/><em>H\u00e4schen h\u00fcpf! H\u00e4schen h\u00fcpf!<\/em><br \/><em>H\u00e4schen h\u00fcpf!<\/em><\/p>\n<p>Wir w\u00fcnschen Ihnen viel Spa\u00df mit diesem Video.<\/p>","protected":false},"excerpt":{"rendered":"<p>H\u00e4schen in der Grube Heute haben wir wieder eine sch\u00f6ne \u00dcberraschung f\u00fcr Euch. Frau Jana Romaker, p\u00e4d. Fachkraft unserer Einrichtung, hat das Lied, \u201eH\u00e4schen in der Grube\u201c sehr kreativ in ein Video verwandelt. H\u00e4schen in der GrubeSa\u00df und schliefSa\u00df und<\/p>\n","protected":false},"author":1,"featured_media":0,"parent":0,"menu_order":0,"comment_status":"closed","ping_status":"closed","template":"","meta":{"footnotes":""},"class_list":["post-2366","page","type-page","status-publish","hentry"],"_links":{"self":[{"href":"https:\/\/burscheid-sonnenblume.de\/index.php?rest_route=\/wp\/v2\/pages\/2366","targetHints":{"allow":["GET"]}}],"collection":[{"href":"https:\/\/burscheid-sonnenblume.de\/index.php?rest_route=\/wp\/v2\/pages"}],"about":[{"href":"https:\/\/burscheid-sonnenblume.de\/index.php?rest_route=\/wp\/v2\/types\/page"}],"author":[{"embeddable":true,"href":"https:\/\/burscheid-sonnenblume.de\/index.php?rest_route=\/wp\/v2\/users\/1"}],"replies":[{"embeddable":true,"href":"https:\/\/burscheid-sonnenblume.de\/index.php?rest_route=%2Fwp%2Fv2%2Fcomments&post=2366"}],"version-history":[{"count":2,"href":"https:\/\/burscheid-sonnenblume.de\/index.php?rest_route=\/wp\/v2\/pages\/2366\/revisions"}],"predecessor-version":[{"id":2369,"href":"https:\/\/burscheid-sonnenblume.de\/index.php?rest_route=\/wp\/v2\/pages\/2366\/revisions\/2369"}],"wp:attachment":[{"href":"https:\/\/burscheid-sonnenblume.de\/index.php?rest_route=%2Fwp%2Fv2%2Fmedia&parent=2366"}],"curies":[{"name":"wp","href":"https:\/\/api.w.org\/{rel}","templated":true}]}}